44
Let j(s) = -2*s + 2. Give j(-13).
28
Let w(t) = -t**3 - 10*t**2 - 17*t + 3. Determine w(-7).
-25
Let o(t) = t**3 + 4*t**2 - t + 2. What is o(-5)?
-18
Let j(p) = 7*p**3 - 3*p**2 + 3*p. What is j(1)?
7
Let p(u) = -u**2 - 4*u - 3. Give p(-5).
-8
Let h(f) = f**2 + 12*f - 13. Give h(-7).
-48
Let v(j) = -2*j**3 - 16*j**2 - 9*j + 3. Calculate v(-7).
-32
Let h(s) = -6*s + 67. Determine h(22).
-65
Let j(v) = -v**2 - 2*v + 37. Determine j(5).
2
Let i(r) = -r**2 - 3*r - 4. Determine i(2).
-14
Let b(o) = -20*o + 27. Give b(7).
-113
Let b(h) = 7*h**2 - h + 2. What is b(1)?
8
Let g(q) = -15*q - 155. Calculate g(-10).
-5
Let v(x) = -x**2 + 9*x + 1. Give v(8).
9
Let n(m) = -m - 10. Determine n(-3).
-7
Let z(u) = -8*u - 10. What is z(-17)?
126
Let x(g) = -25*g + 10. Give x(9).
-215
Let y(s) = -s + 60. What is y(25)?
35
Let t(c) = c**3 - 10*c**2 - 2*c + 4. Determine t(10).
-16
Let f(z) = -4*z**2 + 14*z + 31. Determine f(5).
1
Let w(g) = -17*g - 1. What is w(-1)?
16
Let j(z) = 2*z - 33. Give j(18).
3
Let a(f) = 16*f + 7. Calculate a(4).
71
Let n(v) = -75*v + 70. Give n(1).
-5
Let g(f) = 9*f + 209. Determine g(-22).
11
Let j(n) = n**3 - 5*n**2 + 3*n + 1. What is j(4)?
-3
Let w(c) = -c**3 - c**2 - c - 6. What is w(0)?
-6
Let v(k) = k**3 - 11*k**2 + 33*k - 62. Give v(7).
-27
Let a(z) = -z**3 + 44*z**2 + 52*z - 311. What is a(45)?
4
Let r(s) = -s**3 - s**2 + 25. Give r(0).
25
Let q(z) = z**3 + 9*z**2 - 8*z + 17. Calculate q(-10).
-3
Let t(i) = -i**3 + 16*i**2 - 11. Determine t(16).
-11
Let j(o) = -o**3 + 8*o**2 + 13*o - 18. Give j(9).
18
Let y(a) = -3*a + 2. Calculate y(-3).
11
Let f(o) = -5*o + 143. What is f(29)?
-2
Let q(k) = -8*k + 11. Calculate q(3).
-13
Let b(p) = 2*p**3 + 11*p**2 + 5*p + 5. Calculate b(-5).
5
Let q(h) = -h**3 + 30*h**2 - 56*h + 44. Give q(28).
44
Let q(a) = -2*a**2 + 9*a - 2. Determine q(7).
-37
Let p(f) = -3*f - 30. Give p(7).
-51
Let p(t) = -t**3 + 27*t**2 - t + 19. Give p(27).
-8
Let o(c) = -11*c + 63. Determine o(6).
-3
Let u(k) = k**3 + 6*k**2 - 8*k - 28. Calculate u(-6).
20
Let d(h) = 12*h - 6. Give d(6).
66
Let j(t) = -9*t**2 - 1. Give j(-1).
-10
Let c(a) = -a**3 + 4*a**2 - a. Give c(2).
6
Let d(q) = 2*q**3 + 6*q**2 - 2*q + 6. Calculate d(-4).
-18
Let k(m) = m**2 + 8*m + 6. Determine k(-6).
-6
Let y(h) = -12*h - 99. Give y(-8).
-3
Let l(r) = -r**3 - 10*r**2 - 8*r - 25. What is l(-8)?
-89
Let d(k) = 48*k - 93. Calculate d(2).
3
Let h(i) = 13*i + 9. Give h(-2).
-17
Let b(w) = -4*w - 9. What is b(-5)?
11
Let y(v) = v**3 - 3*v**2 - 3*v + 11. Determine y(0).
11
Let q(y) = -y**3 + y**2 + 29*y + 96. Give q(7).
5
Let k(g) = -3*g**2 + 9*g + 10. Determine k(5).
-20
Let a(p) = p**3 + p - 1. Calculate a(0).
-1
Let a(d) = -d**2 - 3*d + 1. What is a(-5)?
-9
Let q(p) = p**3 + 5*p**2 - 4*p + 4. Determine q(-6).
-8
Let c(l) = l**3 + 9*l**2 + 11*l + 19. Calculate c(-8).
-5
Let g(u) = -36*u + 25. Calculate g(0).
25
Let h(v) = v**3 - 11*v**2 + 19*v - 7. What is h(9)?
2
Let u(s) = -s**2 - 14*s - 16. What is u(-15)?
-31
Let l(n) = -n**3 - 7*n**2 + 5*n + 37. What is l(-7)?
2
Let s(x) = -21*x + 126. Determine s(6).
0
Let z(q) = q**3 - 9*q**2 + q - 10. Determine z(9).
-1
Let m(y) = -2*y**2 + 17*y - 3. Give m(8).
5
Let f(b) = -b**3 + 23*b**2 - 79*b + 57. Give f(19).
0
Let l(z) = -z**2 + 19*z - 14. Determine l(18).
4
Let t(n) = 3*n**2 - 13*n + 65. What is t(6)?
95
Let b(t) = 2*t**2 + 18*t - 10. What is b(-9)?
-10
Let l(t) = t**2 - 8*t + 3. Give l(7).
-4
Let q(m) = -8*m + 3. What is q(4)?
-29
Let m(l) = -l - 9. Calculate m(10).
-19
Let v(n) = n**3 + 8*n**2 + 3*n - 22. What is v(-7)?
6
Let k(f) = -5*f - 27. What is k(-6)?
3
Let r(b) = 91*b - 178. Determine r(2).
4
Let u(f) = -f**2 - 12*f + 34. What is u(-14)?
6
Let v(i) = 6*i**2 - 2*i - 2. What is v(-1)?
6
Let y(x) = -x - 56. What is y(-19)?
-37
Let d(b) = b + 14. Calculate d(-20).
-6
Let r(j) = -j**3 + 8*j**2 - 6*j + 1. Calculate r(7).
8
Let o(w) = -13*w**2 - w + 5. Calculate o(-4).
-199
Let o(c) = c**3 + 10*c**2 + 9*c + 215. Determine o(-11).
-5
Let d(w) = -2*w + 24. Give d(0).
24
Let c(k) = -4*k**2 + 4. Determine c(-2).
-12
Let h(x) = 9*x**2 + 8*x - 14. Give h(3).
91
Let o(m) = 4*m**3 + 62*m**2 + 30*m - 10. Calculate o(-15).
-10
Let r(x) = -3*x + 47. Give r(15).
2
Let i(b) = -b - 1. What is i(-5)?
4
Let v(g) = 19*g - 70. Determine v(5).
25
Let a(n) = 2*n**2 + 17*n - 153. Give a(-14).
1
Let g(c) = 13*c - 159. Give g(10).
-29
Let n(b) = b - 5. Calculate n(9).
4
Let b(n) = 4*n**3 + 11*n + 10. Give b(-1).
-5
Let a(q) = 5*q**2 - 2*q + 1. Calculate a(3).
40
Let c(z) = 8*z**3 - 2*z**2 + 9*z - 8. Calculate c(1).
7
Let l(o) = o**2 + 15*o - 79. What is l(-21)?
47
Let u(g) = -5*g - 5. Give u(5).
-30
Let f(g) = 7*g**2 + 86*g + 13. Give f(-12).
-11
Let a(z) = -4*z + 4. Calculate a(2).
-4
Let x(t) = -t**2 - 8*t - 4. Give x(-8).
-4
Let g(c) = c**2 - 10*c + 42. Calculate g(8).
26
Let c(u) = -u - 10. Calculate c(0).
-10
Let s(m) = -m**3 + 9*m**2 - 7*m - 7. What is s(9)?
-70
Let d(r) = -r**3 + r**2 + 10*r - 6. Calculate d(5).
-56
Let g(u) = -6*u**3 + 354*u**2 + u - 65. What is g(59)?
-6
Let g(w) = -w - 22. Give g(11).
-33
Let l(p) = p**3 - 11*p**2 + 28*p - 39. What is l(8)?
-7
Let s(n) = n**3 - 14*n**2 - 34*n + 15. Calculate s(16).
-17
Let z(w) = 26*w - 878. Give z(34).
6
Let w(m) = m**2 - 37*m + 296. What is w(26)?
10
Let n(l) = -36*l + 14. Determine n(-2).
86
Let b(p) = -9*p - 20. What is b(-2)?
-2
Let w(p) = -p**3 - 6*p**2 - 2*p + 4. Give w(-4).
-20
Let o(w) = 4*w - 50. What is o(14)?
6
Let u(w) = -w**2 + 6*w - 9. Give u(6).
-9
Let b(w) = w**3 + w**2 - 4*w - 2. Determine b(0).
-2
Let b(g) = 2*g**2 - 12*g - 52. Calculate b(9).
2
Let r(i) = -3*i + 44. Give r(-15).
89
Let h(g) = -g**2 - 31*g - 124. Calculate h(-5).
6
Let p(d) = 4*d. Calculate p(-5).
-20
Let i(l) = l**3 + 2*l**2 + 1. Calculate i(-2).
1
Let l(k) = -3*k**2 + 2*k - 3. Determine l(1).
-4
Let v(k) = 6*k + 14. Determine v(-6).
-22
Let h(k) = 6*k + 107. What is h(13)?
185
Let y(r) = -15*r**3 + 2*r - 3. What is y(1)?
-16
Let n(f) = 40*f - 485. Calculate n(12).
-5
Let d(b) = -9*b - 3. What is d(1)?
-12
Let y(t) = 2*t - 36. Give y(13).
-10
Let j(u) = u**2 - 3*u - 5. Determine j(6).
13
Let h(j) = 2*j**3 + 16*j**2 + 10*j - 23. Calculate h(-7).
5
Let v(n) = -7*n**3 - n**2 + 2*n + 2. Give v(-2).
50
Let p(b) = -10*b + 10. Calculate p(0).
10
Let o(u) = -7*u + 4. Determine o(3).
-17
Let u(v) = -v**3 + 6*v**2 + 5. Determine u(6).
5
Let m(c) = -c**3 - 10*c**2 - 18*c - 20. What is m(-8)?
-4
Let r(n) = -3*n**2 + 41*n + 63. Determine r(15).
3
Let m(b) = 2*b**2 + 9*b + 8. Calculate m(-6).
26
Let w(y) = -y**2 - 3*y + 3. What is w(0)?
3
Let j(w) = w**3 - 9*w**2 - 36*w - 23. Determine j(12).
-23
Let t(w) = w**3 + 4*w**2 - 3*w - 3. Give t(-4).
9
Let d(n) = 9*n + 1. What is d(2)?
19
Let q(r) = 14*r - 127. What is q(9)?
-1
Let d(i) = -i**2 + 3*i - 3. Determine d(3).
-3
Let z(k) = 2*k + 19. What is z(-12)?
-5
Let k(j) = -j**2 - 12*j - 27. What is k(-5)?
8
Let s(u) = u**2 + 10*u - 16. What is s(-11)?
-5
Let q(u) = -u**3 + 5*u**2 - 7*u + 5. Give q(4).
-7
Let h(l) = -l**3 - l**2 + 3*l + 9. Give h(0).
9
Let q(f) = f**2 + 4*f - 80. Determine q(0).
-80
Let h(q) = -51*q + 80. What is h(4)?
-124
Let h(l) = -l**3 + 10*l**2 + 3*l + 13. Give h(10).
43
Let r(l) = l**3 + 6*l**2 + 5*l + 6. What is r(-5)?
6
Let v(f) = 5*f - 7. Give v(7).
28
Let z(c) = c**3 + 10*c**2 + 4*c - 18. Calculate z(-9).
27
Let z(o) = 2*o - 34. What is z(18)?
2
Let n(w) = w**2 + 14*w + 9. Calculate n(-7).
-40
Let y(u) = u**3 - 16*u**2 + 13*u + 31. Give y(15).
1
Let u(f) = -8*f**2 + 2*f. Determine u(-1).
-10
Let s(y) = -y**2 - 22*y - 26. Determine s(-21).
-5
Let m(y) = 9*y + 31. Determine m(-4).
-5
Let w(k) = 16*k - 48. Determine w(-5).
-128
Let i(v) = 10*v + 16. Give i(8).
96
Let l(o) = o**3 + 7*o**2 - 2*o - 16. Calculate l(-7).
-2
Let s(u) = -u**2 - 13*u - 2. Give s(-10).
28
Let i(s) = 6*s + 28. Determine i(-3).
10
Let o(w) = -4*w - 20. Calculate o(-12).
28
Let k(c) = -2*c**2 - 9*c - 3. Determine k(-5).
-8
Let p(r) = -6*r + 9. What is p(2)?
-3
Let p(n) = 6*n**2 - 7*n - 3. Give p(2).
7
Let g(r) = r - 3. What is g(-15)?
-18
Let h(x) = -x**2 + 22*x - 20. Determine h(20).
20
Let r(b) = 3*b**3 - 5*b**2 + 5*b. What is r(3)?
51
Let d(r) = -8*r - 35. Determine d(-4).
-3
Let p(y) = -y**2 + 25*y + 46. Calculate p(27).
-8
Let u(i) = 2*